9/(27/(-10))*(-216)/48.
3, 5
Let x(k) = k**3 + 6*k**2 - 8*k + 3. Suppose 5*u + 4*h - 17 = 74, -u = -h - 11. Suppose 0 = 4*y + 5*w - 1 + 24, 2*y = w - u. What are the prime factors of x(y)?
2, 5
Let l(b) = -b**2 - 17*b - 13. Let j be l(-16). Suppose j*g - 502 + 58 = 0. What are the prime factors of g?
2, 37
Suppose -3*q = 4*l - 13567, 4*q - 24792 + 6732 = 2*l. What are the prime factors of q?
4517
Let a(u) be the third derivative of u**5/30 + u**4/3 - 10*u**3/3 - 37*u**2. List the prime factors of a(7).
2, 67
Let a(z) = z**3 - 16*z**2 + 20*z - 28. Let q be a(15). Let x = 158 - q. What are the prime factors of x?
3, 37
Let g(c) = -3*c**2 - 35*c + 17. Let d be g(-12). Suppose 0 = d*a + m - 421, 3*a = -2*a + m + 429. What are the prime factors of a?
5, 17
Let g be ((-4)/(-8))/(1/4). Let r be 2*(355/10 - g). What are the prime factors of r + (-1 - -2 - 0)?
2, 17
Let s(l) = 445*l - 92. List the prime factors of s(3).
11, 113
Suppose 4*a - 4 = h, -h - 6 = -a - 2*h. Suppose a*g - 287 = -5*s, g - 6*g = -3*s + 197. What are the prime factors of s?
59
Suppose 3*b - b = 4. Suppose 5*d - b = d + 2*c, -3*c + 30 = 5*d. Suppose -d = -3*k + 6. List the prime factors of k.
3
Let x = 2390 + -1377. List the prime factors of x.
1013
Let z = -4 - -2. Let q(p) be the third derivative of -p**4/6 + p**3/6 - 3*p**2. List the prime factors of q(z).
3
What are the prime factors of ((-27423)/(-22))/((-9)/(-6))?
3, 277
Let h(a) = -17*a**3 - 2*a + 1. Let r be h(1). Let j = r - -39. Suppose j = 5*z - 59. List the prime factors of z.
2
Let t(l) = 42*l**2 + 1 + 2 - 2 + 4*l**2. Let j be t(-1). Suppose -2*w + b + j = 0, 2*b - 114 = -4*w - 0*w. List the prime factors of w.
2, 13
Suppose -2*r - 2*m + 1998 + 86 = 0, 2*r + 5*m - 2096 = 0. List the prime factors of r.
2, 3, 173
Let b(i) = -2*i - 3. Suppose -3*u + 16 + 14 = 0. Suppose -4*t + u - 30 = 0. List the prime factors of b(t).
7
Let h be ((-20)/8)/((-2)/4). Suppose -h*c + 10 = -330. What are the prime factors of c?
2, 17
Let z(k) = -91*k - 162. What are the prime factors of z(-17)?
5, 277
Let r be (3 + -3)/((-2)/2). Suppose -3*u = -2*x, x + 4*x - u - 13 = r. Suppose -4*s + 5*j = -200, -200 = 2*s - 6*s - x*j. What are the prime factors of s?
2, 5
Let r(h) = 2*h + 18. Let d be r(-11). Let u be ((-24)/15)/(4/150). List the prime factors of 0 + 1 + u/d.
2
Let g be 2 + -3 + (-3 - -12). Suppose 3*n = g*n - 35. List the prime factors of n.
7
Suppose -48*n + 4291 + 13517 = 0. List the prime factors of n.
7, 53
Let h be (-1)/(7/(-6) - -1). Let b(f) = -f**3 + 6*f**2 + 3*f - 8. List the prime factors of b(h).
2, 5
Suppose -3*m - 2*m - 925 = 0. List the prime factors of (48/(-80))/(1/m).
3, 37
Let q(a) = a + 7. Let p be q(4). List the prime factors of (27/((-12)/4))/((-1)/p).
3, 11
Let w(r) = 29*r**2 - 15*r - 9. What are the prime factors of w(4)?
5, 79
Let x(a) = 4*a**2 + 8*a + 5. Let h be x(-5). Let t = h + -46. What are the prime factors of t?
19
Suppose -671 = -6*d + 445. What are the prime factors of d?
2, 3, 31
Suppose -3*g + 67 + 17 = 0. Let w = 7 + g. Suppose 5*y = -0*y + w. List the prime factors of y.
7
What are the prime factors of 97/(-4 + (-1 - 92/(-18)))?
3, 97
Suppose 5433 = 9*y - 10236. What are the prime factors of y?
1741
Let s(m) = m**3 + 20*m**2 + 58*m + 34. What are the prime factors of s(-13)?
463
Suppose 8*t + 6 = 22. Suppose -g = a - 108, t*g = 7*g + 3*a - 536. What are the prime factors of g?
2, 53
Suppose 49 = h - 5*b, 0*h + h = 4*b + 47. Let o = -362 - -383. Let l = h - o. What are the prime factors of l?
2, 3
List the prime factors of 14/28*(2 - -1320).
661
Let q(t) = t**3 + 14*t**2 + 16*t + 8. Let w be q(-11). Suppose f = -2*f + w. Suppose 3*c - 19 = -p, 5*p + 3*c + f = 196. List the prime factors of p.
2, 7
Let a(z) = -25*z**2 - 2*z + 1. Let q be a(1). Let p = 18 + q. List the prime factors of -2*(-2 - (-108)/p).
31
Let r(g) = -234*g + 281. List the prime factors of r(-6).
5, 337
Let c(r) = -r**3 + 5*r**2 - 4*r + 5. Suppose -4*y + 15 = -5. Let u be c(y). What are the prime factors of (10/u)/((-2)/57)?
19
Let m = 508 - -8. List the prime factors of m.
2, 3, 43
Suppose -2*x + 40 = 5*q - 244, 2*q - 143 = -x. List the prime factors of x.
3, 7
List the prime factors of (6/(12/193))/(3/18).
3, 193
Suppose -s = 2*t + 1, 3*t - 1 = 4*s + 14. Let j = 8 + s. Suppose 2*g = -4*k + 34, 2*k - 4 = k - j*g. What are the prime factors of k?
3
Let q = 69 - 65. Suppose 578 = 4*u - 3*f, -151 = -3*u + 2*u + q*f. List the prime factors of u.
11, 13
List the prime factors of (-4)/((-120)/(-2925))*(-52)/3.
2, 5, 13
Suppose 17*i - 22*i = -20. Suppose -d = -0*d + 4*n - 48, -d + 64 = -i*n. What are the prime factors of d?
2, 7
Let r = -15 - -74. Let b = r + 13. List the prime factors of b.
2, 3
Suppose -2892 = -9*k + 753. What are the prime factors of k?
3, 5
Let z(j) = 126*j - 110. What are the prime factors of z(18)?
2, 13, 83
What are the prime factors of ((-49879)/(-93))/((-3)/(-9))?
1609
Let p = -386 + 736. Suppose 0 = -12*a + 7*a + p. List the prime factors of a.
2, 5, 7
Let t(m) = 15*m**3 - 6*m**2 - 2*m + 9. What are the prime factors of t(3)?
2, 3, 59
Suppose t = 5*t + 28. Let m(u) = -5*u**2 + 16*u - 2. Let c(x) = -4*x**2 + 15*x - 3. Let b(k) = 7*c(k) - 6*m(k). List the prime factors of b(t).
2, 13
Suppose -p - 256 + 1 = 0. Let s be ((-18)/(-15))/(3/(-10)). List the prime factors of (-3604)/p - s/(-30).
2, 7
Let z be ((-30)/(-20))/(3/4). Let n be 2189/44 - z/(-8). Let b = n - 27. List the prime factors of b.
23
Let f(x) = -x**3 - 5*x**2 - 4*x - 5. Let n be f(-4). Let s(w) = -3*w. Let y be s(-2). What are the prime factors of y*(n/2 - -3)?
3
Suppose 4*m - 3*m = 3*t - 50, m = 2*t - 35. Let r(j) = j + t - j**2 + 21 - 3. List the prime factors of r(0).
3, 11
Let o(v) = -4*v - 5. Let c(x) = -12*x - 14. Let s(l) = 4*c(l) - 11*o(l). Let j be s(-1). List the prime factors of 2/(-12)*j*-94.
47
Let f(r) = -2*r**2 + 2*r - 3*r**2 + 4*r**2 - 2 + 4. Let w be f(3). Let l(c) = 24*c**2 - c. List the prime factors of l(w).
5
Let v(g) = -8*g**3 + 7*g**2 + 7*g - 12. What are the prime factors of v(-5)?
2, 3, 47
Let c = -41 + 43. What are the prime factors of (80/28)/(c/14)?
2, 5
Let f(q) = 10*q + 303. What are the prime factors of f(0)?
3, 101
Let n = 116 + -77. Suppose 3*b = 5*c - 20, 0 = -c - c - 5*b + n. Suppose 69 = c*y - 4*y. What are the prime factors of y?
23
Let y(x) be the third derivative of 43*x**6/40 + x**5/60 - x**4/12 + x**3/2 - 37*x**2. List the prime factors of y(1).
131
Let s be 1*(-1)/(-5) + 117/15. Suppose -5*c + 871 = s*c. List the prime factors of c.
67
Let f(i) = 2*i - 16. Let r be f(10). Suppose -3*t - r*d + d + 720 = 0, 3*t - 5*d = 736. List the prime factors of t.
2, 11
Let r be 2 + 1 + 0/4. Suppose -4 = r*u + 2*y, -2*u - 6 + 0 = 2*y. Suppose -50 = -5*p + 2*h, 2*p = u*h + 31 - 5. List the prime factors of p.
2
Suppose 8*q + 7 = 9*q. Let n = q + -18. Let j = 2 - n. List the prime factors of j.
13
Let i(m) = -367*m + 2. Let y be i(-1). Let c = y + -654. List the prime factors of c/(-6) + (-9)/(-6).
7
Let i(k) = k**3 + 10*k**2 - 12*k - 9. Suppose -11 + 163 = -4*v. Let g = v - -27. List the prime factors of i(g).
2
Let w = 33 - 1. Suppose 3*g - 50 = -w. List the prime factors of g.
2, 3
Suppose -68364 = 1682*w - 1694*w. List the prime factors of w.
3, 211
Let o be 3/(-3) + 1 - 1. Let g(v) be the first derivative of -27*v**4/4 - v**2 - 2*v + 1. What are the prime factors of g(o)?
3
Suppose -9457 = -5*b + 5*h + 4148, -4*b - 2*h + 10878 = 0. List the prime factors of b.
2, 5, 17
Let g = 1766 - 1236. Suppose -m + 280 = 2*j - 5*m, 4*j - g = 2*m. What are the prime factors of j?
2, 5, 13
What are the prime factors of (-3)/(9/(-1590)) - -2?
2, 7, 19
Suppose 7*k = 2*k + 1905. Let f = -186 + k. What are the prime factors of f?
3, 5, 13
What are the prime factors of 2/6*(-15 - -6669)?
2, 1109
Suppose 93*r - 101*r = -1960. List the prime factors of r.
5, 7
Suppose 0 = l + 14 - 18. Suppose 3*a - 111 = -n, 2*a + 3*n = l*a - 63. List the prime factors of a.
2, 3
Let l be (-2)/(-10)*(1 - 1). Suppose g - 1227 = -5*a, 5*a + l*a = 3*g + 1239. List the prime factors of a.
2, 3, 41
Let c(q) = -167*q - 7. Let j(b) = 502*b + 22. Let k(o) = -16*c(o) - 5*j(o). What are the prime factors of k(1)?
2, 41
Let v = 133 + -60. Suppose 4*d = -o + v, o = 